{"id":536,"date":"2025-07-11T08:40:10","date_gmt":"2025-07-11T08:40:10","guid":{"rendered":"https:\/\/webdoc.cloudxrserver.com\/index.php\/modulo-slider-15\/"},"modified":"2025-07-11T08:40:33","modified_gmt":"2025-07-11T08:40:33","slug":"modulo-slider-15","status":"publish","type":"page","link":"https:\/\/rotatransmedia.cloudxrserver.com\/index.php\/modulo-slider-15\/","title":{"rendered":"Base Forum &#8211; 7"},"content":{"rendered":"\n\t\t\t\t<p class=\"rs-p-wp-fix\"><\/p>\n\t\t\t\t<sr7-module data-alias=\"slider-15\" data-id=\"38\" id=\"SR7_38_1\" class=\"rs-ov-hidden\" data-version=\"6.7.34\">\n\t\t\t\t\t<sr7-adjuster><\/sr7-adjuster>\n\t\t\t\t\t<sr7-content>\n\t\t\t\t\t\t<sr7-slide id=\"SR7_38_1-98\" data-key=\"98\">\n\t\t\t\t\t\t\t<sr7-txt id=\"SR7_38_1-98-33\" class=\"sr7-layer\"><\/sr7-txt>\n\t\t\t\t\t\t\t<sr7-txt id=\"SR7_38_1-98-36\" class=\"sr7-layer\">Planifica tu viaje con rota... <i class=\"fa-chevron-right\"><\/i><\/sr7-txt>\n\t\t\t\t\t\t\t<sr7-txt id=\"SR7_38_1-98-48\" class=\"sr7-layer\">Base Forum<\/sr7-txt>\n\t\t\t\t\t\t\t<sr7-txt id=\"SR7_38_1-98-49\" class=\"sr7-layer\">Pionero y estrat\u00e9gico centro no solo para rote\u00f1os sino tambi\u00e9n para turistas que nos visitan y se interesan por la historia conjunta de Rota y la Base.\n\nEl Centro multicultural hispano norteamericano sigue incorporando elementos que ser\u00e1n un gran atractivo para este espacio muse\u00edstico que pone el foco en la singularidad de la ciudad, como consecuencia de d\u00e9cadas de convivencia con la comunidad norteamericana y tambi\u00e9n con la Armada Espa\u00f1ola. \n\nEl centro pone en valor la singularidad de Rota y supone un gran impulso tur\u00edstico y cultural para la ciudad.\n<\/sr7-txt>\n\t\t\t\t\t\t<\/sr7-slide>\n\t\t\t\t\t\t<sr7-slide id=\"SR7_38_1-99\" data-key=\"99\">\n\t\t\t\t\t\t<\/sr7-slide>\n\t\t\t\t\t<\/sr7-content>\n\t\t\t\t\t<image_lists style=\"display:none\">\n\t\t\t\t\t\t<img data-src=\"\/\/webdoc.cloudxrserver.com\/wp-content\/uploads\/2025\/07\/001.-IMAS_FORUM-WEBDOC-PMR-011.jpg\" data-libid=\"497\" title=\"001.-IMAS_FORUM-WEBDOC-PMR-011\" width=\"0\" height=\"0\" data-dbsrc=\"Ly93ZWJkb2MuY2xvdWR4cnNlcnZlci5jb20vd3AtY29udGVudC91cGxvYWRzLzIwMjUvMDcvMDAxLi1JTUFTX0ZPUlVNLVdFQkRPQy1QTVItMDExLmpwZw==\"\/>\n\t\t\t\t\t\t<img data-src=\"\/\/webdoc.cloudxrserver.com\/wp-content\/uploads\/2025\/07\/001.-IMAS_FORUM-WEBDOC-PMR-010.jpg\" data-libid=\"496\" title=\"001.-IMAS_FORUM-WEBDOC-PMR-010\" width=\"0\" height=\"0\" data-dbsrc=\"Ly93ZWJkb2MuY2xvdWR4cnNlcnZlci5jb20vd3AtY29udGVudC91cGxvYWRzLzIwMjUvMDcvMDAxLi1JTUFTX0ZPUlVNLVdFQkRPQy1QTVItMDEwLmpwZw==\"\/>\n\t\t\t\t\t\t<img data-src=\"\/\/webdoc.cloudxrserver.com\/wp-content\/uploads\/2025\/07\/001.-IMAS_FORUM-WEBDOC-ACD-003.jpg\" data-libid=\"493\" title=\"001.-IMAS_FORUM-WEBDOC-ACD-003\" width=\"0\" height=\"0\" data-dbsrc=\"Ly93ZWJkb2MuY2xvdWR4cnNlcnZlci5jb20vd3AtY29udGVudC91cGxvYWRzLzIwMjUvMDcvMDAxLi1JTUFTX0ZPUlVNLVdFQkRPQy1BQ0QtMDAzLmpwZw==\"\/>\n\t\t\t\t\t\t<img data-src=\"\/\/webdoc.cloudxrserver.com\/wp-content\/uploads\/2025\/07\/001.-IMAS_FORUM-WEBDOC-PMR-002.jpg\" data-libid=\"492\" title=\"001.-IMAS_FORUM-WEBDOC-PMR-002\" width=\"0\" height=\"0\" data-dbsrc=\"Ly93ZWJkb2MuY2xvdWR4cnNlcnZlci5jb20vd3AtY29udGVudC91cGxvYWRzLzIwMjUvMDcvMDAxLi1JTUFTX0ZPUlVNLVdFQkRPQy1QTVItMDAyLmpwZw==\"\/>\n\t\t\t\t\t<\/image_lists>\n\t\t\t\t<\/sr7-module>\n\t\t\t\t<script>\n\t\t\t\t\tSR7.PMH ??={}; SR7.PMH[\"SR7_38_1\"] = {cn:100,state:false,fn: function() { if (_tpt!==undefined && _tpt.prepareModuleHeight !== undefined) {  _tpt.prepareModuleHeight({id:\"SR7_38_1\",el:[900,900,768,960,720],type:'standard',shdw:'0',gh:[900,900,743,565,349],gw:[1240,1240,1024,778,480],vpt:['-100px'],size:{fullWidth:true, fullHeight:false},mh:'0',onh:0,onw:0,bg:{color:'{\"orig\":\"transparent\",\"type\":\"solid\",\"string\":\"transparent\"}'}});   SR7.PMH[\"SR7_38_1\"].state=true;} else if(SR7.PMH[\"SR7_38_1\"].cn-->0)\tsetTimeout( SR7.PMH[\"SR7_38_1\"].fn,19);}};SR7.PMH[\"SR7_38_1\" ].fn();\n\t\t\t\t<\/script>\n\n","protected":false},"excerpt":{"rendered":"","protected":false},"author":1,"featured_media":0,"parent":0,"menu_order":0,"comment_status":"closed","ping_status":"closed","template":"100-width.php","meta":{"_acf_changed":false,"footnotes":""},"class_list":["post-536","page","type-page","status-publish","hentry"],"acf":[],"_links":{"self":[{"href":"https:\/\/rotatransmedia.cloudxrserver.com\/index.php\/wp-json\/wp\/v2\/pages\/536","targetHints":{"allow":["GET"]}}],"collection":[{"href":"https:\/\/rotatransmedia.cloudxrserver.com\/index.php\/wp-json\/wp\/v2\/pages"}],"about":[{"href":"https:\/\/rotatransmedia.cloudxrserver.com\/index.php\/wp-json\/wp\/v2\/types\/page"}],"author":[{"embeddable":true,"href":"https:\/\/rotatransmedia.cloudxrserver.com\/index.php\/wp-json\/wp\/v2\/users\/1"}],"replies":[{"embeddable":true,"href":"https:\/\/rotatransmedia.cloudxrserver.com\/index.php\/wp-json\/wp\/v2\/comments?post=536"}],"version-history":[{"count":1,"href":"https:\/\/rotatransmedia.cloudxrserver.com\/index.php\/wp-json\/wp\/v2\/pages\/536\/revisions"}],"predecessor-version":[{"id":537,"href":"https:\/\/rotatransmedia.cloudxrserver.com\/index.php\/wp-json\/wp\/v2\/pages\/536\/revisions\/537"}],"wp:attachment":[{"href":"https:\/\/rotatransmedia.cloudxrserver.com\/index.php\/wp-json\/wp\/v2\/media?parent=536"}],"curies":[{"name":"wp","href":"https:\/\/api.w.org\/{rel}","templated":true}]}}